{"id":1462,"date":"2024-03-08T12:09:04","date_gmt":"2024-03-08T12:09:04","guid":{"rendered":"https:\/\/niyamdu-dro.fr\/?page_id=1462"},"modified":"2024-03-08T15:13:59","modified_gmt":"2024-03-08T15:13:59","slug":"les-partenariats-locaux","status":"publish","type":"page","link":"https:\/\/niyamdu-dro.fr\/?page_id=1462","title":{"rendered":"Les partenaires locaux"},"content":{"rendered":"\t\t<div data-elementor-type=\"wp-page\" data-elementor-id=\"1462\" class=\"elementor elementor-1462\">\n\t\t\t\t<div class=\"elementor-element elementor-element-5caaf5d e-flex e-con-boxed wpr-particle-no wpr-jarallax-no wpr-parallax-no wpr-sticky-section-no e-con e-parent\" data-id=\"5caaf5d\" data-element_type=\"container\">\n\t\t\t\t\t<div class=\"e-con-inner\">\n\t\t\t\t<div class=\"elementor-element elementor-element-651aeff elementor-widget elementor-widget-text-editor\" data-id=\"651aeff\" data-element_type=\"widget\" data-widget_type=\"text-editor.default\">\n\t\t\t\t<div class=\"elementor-widget-container\">\n\t\t\t\t\t\t\t<h4>La majorit\u00e9 des actions men\u00e9es par NIYAMDU DRO est r\u00e9alis\u00e9e gr\u00e2ce \u00e0 l&rsquo;appui et au soutien de nos partenaires :<\/h4>\n<p>\u00a0<\/p>\n<h5><strong>Les partenaires locaux :<\/strong><\/h5>\n<p>\u00a0<\/p>\n<p><strong>Youth Association For Conservation And Developement of Hemis National Park (YAFCAD)<\/strong><\/p>\n<p><!-- \/wp:paragraph --><!-- wp:image {\"align\":\"center\",\"id\":339,\"linkDestination\":\"custom\"} --><\/p>\n<figure class=\"wp-block-image aligncenter\"><a href=\"https:\/\/niyamdu-dro.fr\/wp-content\/uploads\/2015\/04\/Logo-leopard-Yafcad.jpg\"><img decoding=\"async\" width=\"150\" height=\"150\" class=\"wp-image-339 aligncenter\" src=\"https:\/\/niyamdu-dro.fr\/wp-content\/uploads\/2015\/04\/Logo-leopard-Yafcad-150x150.jpg\" alt=\"Logo leopard Yafcad\" \/><\/a><\/figure>\n<p><!-- \/wp:image --><!-- wp:paragraph --><\/p>\n<p>L&rsquo;association ladakhie \u00ab Association des jeunes pour la Conservation et le D\u00e9veloppement du Parc National Hemis \u00bb, cr\u00e9\u00e9e en Inde en 1981, a pour objectif de concilier modernit\u00e9 et tradition, de cr\u00e9er une v\u00e9ritable relation entre les villageois, les nomades et les touristes, de maintenir et de cr\u00e9er des emplois dans les vall\u00e9es, de valoriser les formes traditionnelles d&rsquo;artisanat et de former les jeunes \u00e0 ces techniques.<\/p>\n<p>\u00a0<\/p>\n<p><strong>Himalayan Social\u00a0 Welfare And Preservation Association<\/strong><\/p>\n<p><!-- \/wp:paragraph --><!-- wp:image {\"align\":\"center\",\"id\":448,\"width\":258,\"height\":194} --><\/p>\n<figure class=\"wp-block-image aligncenter is-resized\"><img decoding=\"async\" class=\"aligncenter wp-image-448\" style=\"width: 258px; height: 194px;\" src=\"https:\/\/niyamdu-dro.fr\/wp-content\/uploads\/2016\/11\/HSWAPA_Red.jpg\" alt=\"hswapa_red\" width=\"150\" height=\"113\" srcset=\"https:\/\/niyamdu-dro.fr\/wp-content\/uploads\/2016\/11\/HSWAPA_Red.jpg 960w, https:\/\/niyamdu-dro.fr\/wp-content\/uploads\/2016\/11\/HSWAPA_Red-300x225.jpg 300w, https:\/\/niyamdu-dro.fr\/wp-content\/uploads\/2016\/11\/HSWAPA_Red-768x576.jpg 768w\" sizes=\"(max-width: 150px) 100vw, 150px\" \/><\/figure>\n<p><!-- \/wp:image --><!-- wp:paragraph --><\/p>\n<p>Association du Zanskar et plus particuli\u00e8rement de la Vall\u00e9e de la Lungnak qui a pour but de\u00a0:<\/p>\n<p><!-- \/wp:paragraph --><!-- wp:list --><\/p>\n<ul>\n<li style=\"list-style-type: none;\">\n<ul><!-- wp:list-item -->\n<li>favoriser l\u2019\u00e9ducation des jeunes,<\/li>\n<\/ul>\n<\/li>\n<\/ul>\n<p><!-- \/wp:list-item --><!-- wp:list-item --><\/p>\n<ul>\n<li style=\"list-style-type: none;\">\n<ul>\n<li>apporter l\u2019\u00e9lectricit\u00e9 pour l\u2019\u00e9clairage des \u00e9coles, des <em>homestays<\/em>, des b\u00e2timents communautaires\u2026<\/li>\n<\/ul>\n<\/li>\n<\/ul>\n<p><!-- \/wp:list-item --><!-- wp:list-item --><\/p>\n<ul>\n<li style=\"list-style-type: none;\">\n<ul>\n<li>promouvoir l\u2019artisanat local (sculpture et gravure sur bois et sur pierre\u2026)<\/li>\n<\/ul>\n<\/li>\n<\/ul>\n<p><!-- \/wp:list-item --><!-- wp:list-item --><\/p>\n<ul>\n<li style=\"list-style-type: none;\">\n<ul>\n<li>promouvoir le travail des groupes de femmes et la vente de leurs produits (l\u00e9gumes cultiv\u00e9s, tapis de laine, v\u00eatements\u2026)<\/li>\n<\/ul>\n<\/li>\n<\/ul>\n<p><!-- \/wp:list-item --><!-- wp:list-item --><\/p>\n<ul>\n<li style=\"list-style-type: none;\">\n<ul>\n<li>pr\u00e9server la culture et les traditions ladakhies (la m\u00e9decine traditionnelle\u2026)<\/li>\n<\/ul>\n<\/li>\n<\/ul>\n<p><!-- \/wp:list-item --><\/p>\n<p><!-- \/wp:list --><!-- wp:paragraph --><\/p>\n<p><!-- \/wp:paragraph --><!-- wp:paragraph --><\/p>\n<p>\u00a0<\/p>\n<p><strong>Lungnak Volunteer Students (LVS)<\/strong><\/p>\n<p><!-- \/wp:paragraph --><!-- wp:image {\"align\":\"center\",\"id\":336,\"linkDestination\":\"custom\"} --><\/p>\n<figure class=\"wp-block-image aligncenter\"><a href=\"https:\/\/niyamdu-dro.fr\/wp-content\/uploads\/2015\/04\/LVS.jpg\"><img decoding=\"async\" width=\"160\" height=\"160\" class=\"wp-image-336 aligncenter\" src=\"https:\/\/niyamdu-dro.fr\/wp-content\/uploads\/2015\/04\/LVS.jpg\" alt=\"LVS\" srcset=\"https:\/\/niyamdu-dro.fr\/wp-content\/uploads\/2015\/04\/LVS.jpg 160w, https:\/\/niyamdu-dro.fr\/wp-content\/uploads\/2015\/04\/LVS-150x150.jpg 150w\" sizes=\"(max-width: 160px) 100vw, 160px\" \/><\/a><\/figure>\n<p><!-- \/wp:image --><!-- wp:paragraph --><\/p>\n<p>L&rsquo;Association des \u00e9tudiants volontaires de la vall\u00e9e de la Lungnak (Zanskar), cr\u00e9\u00e9e depuis pr\u00e8s de 10 ans, m\u00e8ne des projets \u00e0 caract\u00e8re environnemental comme la collecte annuelle des d\u00e9chets sur les chemins de trek de la vall\u00e9e, des sensibilisations sur la gestion des d\u00e9chets, et le d\u00e9veloppement ou la r\u00e9paration d&rsquo;infrastructure d&rsquo;irrigation. Elle a \u00e9galement particip\u00e9 au chantier d&rsquo;\u00e9lectrification de l&rsquo;\u00e9cole de Phuktal au c\u00f4t\u00e9 de NIYAMDU DRO.<\/p>\n<p>\u00a0<\/p>\n<p><strong>Women Group<br \/><\/strong><\/p>\n<p><!-- \/wp:paragraph --><!-- wp:image {\"align\":\"center\",\"id\":338,\"width\":150,\"height\":172,\"linkDestination\":\"custom\"} --><\/p>\n<figure class=\"wp-block-image aligncenter is-resized\"><a href=\"https:\/\/niyamdu-dro.fr\/wp-content\/uploads\/2015\/04\/Logo-Wonan-Group.jpg\"><img loading=\"lazy\" decoding=\"async\" class=\"wp-image-338 aligncenter\" src=\"https:\/\/niyamdu-dro.fr\/wp-content\/uploads\/2015\/04\/Logo-Wonan-Group-892x1024.jpg\" alt=\"Logo Wonan Group\" width=\"150\" height=\"172\" srcset=\"https:\/\/niyamdu-dro.fr\/wp-content\/uploads\/2015\/04\/Logo-Wonan-Group-892x1024.jpg 892w, https:\/\/niyamdu-dro.fr\/wp-content\/uploads\/2015\/04\/Logo-Wonan-Group-261x300.jpg 261w, https:\/\/niyamdu-dro.fr\/wp-content\/uploads\/2015\/04\/Logo-Wonan-Group-768x882.jpg 768w, https:\/\/niyamdu-dro.fr\/wp-content\/uploads\/2015\/04\/Logo-Wonan-Group.jpg 1181w\" sizes=\"(max-width: 150px) 100vw, 150px\" \/><\/a><\/figure>\n<p><!-- \/wp:image --><!-- wp:paragraph --><\/p>\n<p>Les Women Group sont des associations ladakhies qui regroupent des femmes de toutes les familles des villages se r\u00e9unissant notamment pour parler et \u00e9changer sur la vie du village. Certains groupes ont des responsabilit\u00e9s sociales formellement d\u00e9finies (organisation de f\u00eates, nettoyage du village&#8230;). D&rsquo;autres d\u00e9veloppent des activit\u00e9s \u00e9conomiques communautaires permettant de d\u00e9gager un revenu (petit artisanat, couture&#8230;).<\/p>\n<p>\u00a0<\/p>\n<p><strong>Zanskar Kanischka Expeditions<\/strong><\/p>\n<p><a href=\"https:\/\/www.zanskarkanishkaexpeditions.com\/\"><img loading=\"lazy\" decoding=\"async\" class=\"wp-image-1568 aligncenter\" src=\"https:\/\/niyamdu-dro.fr\/wp-content\/uploads\/2024\/03\/footer-logo-1-e1709910405381.png\" alt=\"\" width=\"108\" height=\"102\" \/><\/a><\/p>\n<p><a href=\"https:\/\/www.zanskarkanishkaexpeditions.com\/\">https:\/\/www.zanskarkanishkaexpeditions.com\/<\/a><\/p>\n<p><!-- \/wp:paragraph --><!-- wp:paragraph --><\/p>\n<p><!-- \/wp:paragraph --><!-- wp:paragraph --><!-- \/wp:paragraph --><!-- wp:paragraph --><\/p>\n<p><!-- \/wp:paragraph --><!-- wp:paragraph --><\/p>\n<p><!-- \/wp:paragraph --><!-- wp:paragraph --><\/p>\n<p><!-- \/wp:paragraph --><!-- wp:paragraph --><\/p>\n<p><!-- \/wp:image --><!-- wp:paragraph --><\/p>\n<p><!-- \/wp:paragraph --><!-- wp:paragraph --><\/p>\n<p>Zanskar Kanischka Expeditions organise des treks au Ladakh et au Zanskar. Cette compagnie soutient les actions port\u00e9es par NIYAMDU DRO et apporte un appui logistique.<\/p>\n<p><!-- \/wp:paragraph --><!-- wp:paragraph --><\/p>\n<p>\u00a0<\/p>\n<p><!-- \/wp:paragraph --><!-- wp:paragraph --><\/p>\t\t\t\t\t\t<\/div>\n\t\t\t\t<\/div>\n\t\t\t\t\t<\/div>\n\t\t\t\t<\/div>\n\t\t\t\t<\/div>\n\t\t","protected":false},"excerpt":{"rendered":"<p>La majorit\u00e9 des actions men\u00e9es par NIYAMDU DRO est r\u00e9alis\u00e9e gr\u00e2ce \u00e0 l&rsquo;appui et au soutien de nos partenaires : \u00a0 Les partenaires locaux : &hellip;<\/p>\n","protected":false},"author":2,"featured_media":1518,"parent":0,"menu_order":0,"comment_status":"closed","ping_status":"closed","template":"","meta":{"footnotes":""},"class_list":["post-1462","page","type-page","status-publish","has-post-thumbnail","hentry"],"_links":{"self":[{"href":"https:\/\/niyamdu-dro.fr\/index.php?rest_route=\/wp\/v2\/pages\/1462"}],"collection":[{"href":"https:\/\/niyamdu-dro.fr\/index.php?rest_route=\/wp\/v2\/pages"}],"about":[{"href":"https:\/\/niyamdu-dro.fr\/index.php?rest_route=\/wp\/v2\/types\/page"}],"author":[{"embeddable":true,"href":"https:\/\/niyamdu-dro.fr\/index.php?rest_route=\/wp\/v2\/users\/2"}],"replies":[{"embeddable":true,"href":"https:\/\/niyamdu-dro.fr\/index.php?rest_route=%2Fwp%2Fv2%2Fcomments&post=1462"}],"version-history":[{"count":17,"href":"https:\/\/niyamdu-dro.fr\/index.php?rest_route=\/wp\/v2\/pages\/1462\/revisions"}],"predecessor-version":[{"id":1573,"href":"https:\/\/niyamdu-dro.fr\/index.php?rest_route=\/wp\/v2\/pages\/1462\/revisions\/1573"}],"wp:featuredmedia":[{"embeddable":true,"href":"https:\/\/niyamdu-dro.fr\/index.php?rest_route=\/wp\/v2\/media\/1518"}],"wp:attachment":[{"href":"https:\/\/niyamdu-dro.fr\/index.php?rest_route=%2Fwp%2Fv2%2Fmedia&parent=1462"}],"curies":[{"name":"wp","href":"https:\/\/api.w.org\/{rel}","templated":true}]}}