{"id":90,"date":"2015-01-25T17:24:43","date_gmt":"2015-01-25T17:24:43","guid":{"rendered":"http:\/\/niyamdu-dro.fr\/?page_id=90"},"modified":"2024-03-08T14:51:00","modified_gmt":"2024-03-08T14:51:00","slug":"partenariats","status":"publish","type":"page","link":"https:\/\/niyamdu-dro.fr\/?page_id=90","title":{"rendered":"Les partenaires en France"},"content":{"rendered":"\t\t<div data-elementor-type=\"wp-page\" data-elementor-id=\"90\" class=\"elementor elementor-90\">\n\t\t\t\t\t\t<section class=\"elementor-section elementor-top-section elementor-element elementor-element-54f8665c elementor-section-boxed elementor-section-height-default elementor-section-height-default wpr-particle-no wpr-jarallax-no wpr-parallax-no wpr-sticky-section-no elementor-invisible\" data-id=\"54f8665c\" data-element_type=\"section\" data-settings=\"{&quot;shape_divider_top&quot;:&quot;tilt&quot;,&quot;animation&quot;:&quot;fadeIn&quot;}\">\n\t\t\t\t\t<div class=\"elementor-shape elementor-shape-top\" data-negative=\"false\">\n\t\t\t<svg xmlns=\"http:\/\/www.w3.org\/2000\/svg\" viewBox=\"0 0 1000 100\" preserveAspectRatio=\"none\">\n\t<path class=\"elementor-shape-fill\" d=\"M0,6V0h1000v100L0,6z\"\/>\n<\/svg>\t\t<\/div>\n\t\t\t\t\t<div class=\"elementor-container elementor-column-gap-default\">\n\t\t\t\t\t<div class=\"elementor-column elementor-col-100 elementor-top-column elementor-element elementor-element-31cac3c\" data-id=\"31cac3c\" data-element_type=\"column\">\n\t\t\t<div class=\"elementor-widget-wrap elementor-element-populated\">\n\t\t\t\t\t\t<div class=\"elementor-element elementor-element-d818fa7 elementor-widget elementor-widget-spacer\" data-id=\"d818fa7\" data-element_type=\"widget\" data-widget_type=\"spacer.default\">\n\t\t\t\t<div class=\"elementor-widget-container\">\n\t\t\t\t\t<div class=\"elementor-spacer\">\n\t\t\t<div class=\"elementor-spacer-inner\"><\/div>\n\t\t<\/div>\n\t\t\t\t<\/div>\n\t\t\t\t<\/div>\n\t\t\t\t<div class=\"elementor-element elementor-element-5d3fd157 elementor-widget elementor-widget-text-editor\" data-id=\"5d3fd157\" data-element_type=\"widget\" data-widget_type=\"text-editor.default\">\n\t\t\t\t<div class=\"elementor-widget-container\">\n\t\t\t\t\t\t\t<!-- wp:paragraph -->\n<h4>La majorit\u00e9 des actions men\u00e9es par NIYAMDU DRO est r\u00e9alis\u00e9e gr\u00e2ce \u00e0 l&rsquo;appui et au soutien de nos partenaires :<\/h4>\n<p>\u00a0<\/p>\n<h5><strong>Les partenaires en France :<\/strong><\/h5>\n<p>\u00a0<\/p>\n<!-- \/wp:paragraph --><!-- wp:paragraph -->\n<p><strong>Electriciens sans fronti\u00e8res<\/strong><\/p>\n<p><!-- \/wp:paragraph --><!-- wp:image {\"align\":\"center\",\"id\":292,\"linkDestination\":\"custom\"} --><\/p>\n<figure class=\"wp-block-image aligncenter\"><a href=\"https:\/\/niyamdu-dro.fr\/wp-content\/uploads\/2015\/03\/Logo-Electricien-Sans-Frontiere.jpg\"><img decoding=\"async\" width=\"150\" height=\"150\" class=\"wp-image-292\" src=\"https:\/\/niyamdu-dro.fr\/wp-content\/uploads\/2015\/03\/Logo-Electricien-Sans-Frontiere-150x150.jpg\" alt=\"Logo-Electricien-Sans-Frontiere\" srcset=\"https:\/\/niyamdu-dro.fr\/wp-content\/uploads\/2015\/03\/Logo-Electricien-Sans-Frontiere-150x150.jpg 150w, https:\/\/niyamdu-dro.fr\/wp-content\/uploads\/2015\/03\/Logo-Electricien-Sans-Frontiere-300x300.jpg 300w, https:\/\/niyamdu-dro.fr\/wp-content\/uploads\/2015\/03\/Logo-Electricien-Sans-Frontiere.jpg 600w\" sizes=\"(max-width: 150px) 100vw, 150px\" \/><\/a><\/figure>\n<p><!-- \/wp:image --><!-- wp:paragraph --><\/p>\n<p><a href=\"http:\/\/www.electriciens-sans-frontieres.org\">http:\/\/www.electriciens-sans-frontieres.org<\/a><\/p>\n<p><!-- \/wp:paragraph --><!-- wp:paragraph --><\/p>\n<p>Depuis plus de 25 ans, Electriciens sans fronti\u00e8res a pour ambition de faciliter l\u2019acc\u00e8s \u00e0 l\u2019\u00e9nergie et \u00e0 l\u2019eau et de favoriser les initiatives locales qui contribuent \u00e0 am\u00e9liorer les conditions de vie des populations des pays les plus pauvres.<\/p>\n<p>\u00a0<\/p>\n<p><strong>Fondation groupe EDF<\/strong><\/p>\n<p><a href=\"https:\/\/fondation.edf.com\/\"><img decoding=\"async\" class=\"size-medium wp-image-1446 aligncenter\" src=\"https:\/\/niyamdu-dro.fr\/wp-content\/uploads\/2024\/03\/edf-fondation-groupe_logo_400x156-300x117.png\" alt=\"\" width=\"300\" height=\"117\" srcset=\"https:\/\/niyamdu-dro.fr\/wp-content\/uploads\/2024\/03\/edf-fondation-groupe_logo_400x156-300x117.png 300w, https:\/\/niyamdu-dro.fr\/wp-content\/uploads\/2024\/03\/edf-fondation-groupe_logo_400x156-200x78.png 200w, https:\/\/niyamdu-dro.fr\/wp-content\/uploads\/2024\/03\/edf-fondation-groupe_logo_400x156.png 400w\" sizes=\"(max-width: 300px) 100vw, 300px\" \/><\/a><a href=\"https:\/\/fondation.edf.com\/\">https:\/\/fondation.edf.com\/<\/a><\/p>\n<p>Depuis 1987, la Fondation Groupe EDF agit pour une soci\u00e9t\u00e9 plus juste et plus responsable. Leurs champs d\u2019intervention ont \u00e9volu\u00e9 avec les besoins de la soci\u00e9t\u00e9. Elle accompagne la transition \u00e9cologique et sociale et soutient des projets en France et \u00e0 l&rsquo;international.<\/p>\n<p>\u00a0<\/p>\n<p><strong>Mi-Lam Himalaya<\/strong><\/p>\n<p><a href=\"https:\/\/www.milamhimalaya.com\/\"><img decoding=\"async\" class=\"aligncenter wp-image-1455 size-thumbnail\" src=\"https:\/\/niyamdu-dro.fr\/wp-content\/uploads\/2024\/03\/LOGO-COURT-150x150.png\" alt=\"\" width=\"150\" height=\"150\" \/><\/a><\/p>\n<p><a href=\"https:\/\/www.milamhimalaya.com\/\">https:\/\/www.milamhimalaya.com\/<\/a><\/p>\n<p>Mi-Lam intervient au Zanskar. Le premi\u00e8res actions se sont port\u00e9es vers les nonneries et les villages, \u00e0 leur demande, pour les besoins fondamentaux comme l&rsquo;acc\u00e8s \u00e0 l&rsquo;eau.<\/p>\n<p>\u00a0<\/p>\n<p><strong>Himalaya Solaire (association de l&rsquo;Ecole National Sup\u00e9rieure de G\u00e9ologie de Nancy)<\/strong><\/p>\n<p><!-- \/wp:paragraph --><!-- wp:image {\"align\":\"center\",\"id\":453} --><\/p>\n<figure class=\"wp-block-image aligncenter\"><img loading=\"lazy\" decoding=\"async\" width=\"150\" height=\"150\" class=\"wp-image-453\" src=\"https:\/\/niyamdu-dro.fr\/wp-content\/uploads\/2016\/11\/himalaya-solaire2016-1-150x150.jpg\" alt=\"himalaya-solaire2016\" srcset=\"https:\/\/niyamdu-dro.fr\/wp-content\/uploads\/2016\/11\/himalaya-solaire2016-1-150x150.jpg 150w, https:\/\/niyamdu-dro.fr\/wp-content\/uploads\/2016\/11\/himalaya-solaire2016-1-300x298.jpg 300w, https:\/\/niyamdu-dro.fr\/wp-content\/uploads\/2016\/11\/himalaya-solaire2016-1.jpg 312w\" sizes=\"(max-width: 150px) 100vw, 150px\" \/><\/figure>\n<p><!-- \/wp:image --><!-- wp:paragraph --><\/p>\n<p><a href=\"http:\/\/himalaya-solaire.e-monsite.com\/\">http:\/\/himalaya-solaire.e-monsite.com\/<\/a><\/p>\n<p><!-- \/wp:paragraph --><!-- wp:paragraph --><\/p>\n<p>Association humanitaire, cr\u00e9\u00e9e par des \u00e9tudiants de l&rsquo;Ecole Nationale Sup\u00e9rieure de G\u00e9ologie de Nancy en 2011, Himalaya Solaire a pour but de subvenir aux besoins en \u00e9nergie de villages dans la r\u00e9gion du Cachemire (Inde). Elle finance et assure des missions\u00a0 d&rsquo;\u00e9lectrification de villages au Ladakh avec l&rsquo;appui technique de NIYAMDU DRO<\/p>\n<p>\u00a0<\/p>\n<p><strong>Solida&rsquo;Rire<\/strong><\/p>\n<p><!-- \/wp:paragraph --><!-- wp:image {\"align\":\"center\",\"id\":455} --><\/p>\n<figure class=\"wp-block-image aligncenter\"><img loading=\"lazy\" decoding=\"async\" class=\"alignnone wp-image-455\" src=\"https:\/\/niyamdu-dro.fr\/wp-content\/uploads\/2016\/11\/solidarire.jpg\" alt=\"solidarire\" width=\"150\" height=\"131\" \/><\/figure>\n<p><!-- \/wp:image --><!-- wp:paragraph --><\/p>\n<p>http:\/\/solidarire.org<\/p>\n<p><!-- \/wp:paragraph --><!-- wp:paragraph --><\/p>\n<p>Association de solidarit\u00e9 internationale et locale cr\u00e9\u00e9e par les \u00e9tudiants de l\u2019Institut National Polytechnique de <em>Grenoble<\/em>.<\/p>\n<p>\u00a0<\/p>\n<p><strong>Ecole Nationale Sup\u00e9rieure d&rsquo;Ing\u00e9nieurs de Bourges &#8211; Association 5C5S<\/strong><\/p>\n<p><!-- \/wp:paragraph --><!-- wp:image {\"align\":\"center\",\"id\":352,\"linkDestination\":\"custom\"} --><\/p>\n<figure class=\"wp-block-image aligncenter\"><a href=\"https:\/\/niyamdu-dro.fr\/wp-content\/uploads\/2015\/04\/\u00c9cole_nationale_sup\u00e9rieure_ding\u00e9nieurs_de_Bourges_logo.jpg\"><img loading=\"lazy\" decoding=\"async\" class=\"alignnone wp-image-352\" src=\"https:\/\/niyamdu-dro.fr\/wp-content\/uploads\/2015\/04\/\u00c9cole_nationale_sup\u00e9rieure_ding\u00e9nieurs_de_Bourges_logo-300x238.jpg\" alt=\"\u00c9cole_nationale_sup\u00e9rieure_d'ing\u00e9nieurs_de_Bourges_(logo)\" width=\"150\" height=\"119\" srcset=\"https:\/\/niyamdu-dro.fr\/wp-content\/uploads\/2015\/04\/\u00c9cole_nationale_sup\u00e9rieure_ding\u00e9nieurs_de_Bourges_logo-300x238.jpg 300w, https:\/\/niyamdu-dro.fr\/wp-content\/uploads\/2015\/04\/\u00c9cole_nationale_sup\u00e9rieure_ding\u00e9nieurs_de_Bourges_logo.jpg 520w\" sizes=\"(max-width: 150px) 100vw, 150px\" \/><\/a><\/figure>\n<p><!-- \/wp:image --><!-- wp:paragraph --><\/p>\n<p>L&rsquo;association 5C5S (5 Continents -5 Sommets) de l&rsquo;Ecole Nationale Sup\u00e9rieure d&rsquo;Ing\u00e9nieurs de Bourges a financ\u00e9 l&rsquo;installation des syst\u00e8mes \u00e9lectriques des purificateurs d&rsquo;eau dans les\u00a0 villages de Chilling et de Skiu (Ladakh).<\/p>\n<p>\u00a0<\/p>\n<p><strong>Solidaile<\/strong><\/p>\n<p><!-- \/wp:paragraph --><!-- wp:image {\"align\":\"center\",\"id\":454} --><\/p>\n<figure class=\"wp-block-image aligncenter\"><img loading=\"lazy\" decoding=\"async\" width=\"160\" height=\"70\" class=\"wp-image-454\" src=\"https:\/\/niyamdu-dro.fr\/wp-content\/uploads\/2016\/11\/solidaile_logo2016.jpg\" alt=\"solidaile_logo2016\" \/><\/figure>\n<p><!-- \/wp:image --><!-- wp:paragraph --><\/p>\n<p><a href=\"http:\/\/solidaile.org\/\">http:\/\/solidaile.org\/<\/a><\/p>\n<p><!-- \/wp:paragraph --><!-- wp:paragraph --><\/p>\n<p>Association qui a pour vocation de soutenir et d\u2019accompagner des projets de d\u00e9veloppement \u00e0 l\u2019\u00e9tranger port\u00e9s par des acteurs locaux, dans diff\u00e9rents domaines : artisanat, agriculture, \u00e9nergie, sant\u00e9, \u00e9ducation, tourisme durable\u2026 Les actions de Solidaile recherchent avant tout la p\u00e9rennit\u00e9 des projets soutenus afin de permettre aux structures locales de prendre en charge de fa\u00e7on autonome et durable leur propre d\u00e9veloppement.<\/p>\n<p>\u00a0<\/p>\n<p><strong>Exodus<\/strong><\/p>\n<p><!-- \/wp:paragraph --><!-- wp:image {\"align\":\"center\",\"id\":288,\"linkDestination\":\"custom\"} --><\/p>\n<figure class=\"wp-block-image aligncenter\"><a href=\"https:\/\/niyamdu-dro.fr\/wp-content\/uploads\/2015\/03\/Exodus.jpg\"><img loading=\"lazy\" decoding=\"async\" width=\"192\" height=\"54\" class=\"wp-image-288\" src=\"https:\/\/niyamdu-dro.fr\/wp-content\/uploads\/2015\/03\/Exodus.jpg\" alt=\"Exodus\" \/><\/a><\/figure>\n<p><!-- \/wp:image --><!-- wp:paragraph --><\/p>\n<p><a href=\"http:\/\/www.exodus.co.uk\/\">http:\/\/www.exodus.co.uk\/<\/a><\/p>\n<p><!-- \/wp:paragraph --><!-- wp:paragraph --><\/p>\n<p>Tour-operator dirig\u00e9 vers l&rsquo;aventure et les activit\u00e9s de vacances originales, sp\u00e9cialis\u00e9 pour la randonn\u00e9e, le v\u00e9lo, les activit\u00e9s d\u2019hiver, les s\u00e9jours photographiques et les vacances dans la nature.<br \/>Exodus a toujours \u00e9t\u00e9 et sera toujours un tour-op\u00e9rateur responsable. Exodus travaille en \u00e9troite collaboration avec tous ses partenaires \u00e0 l&rsquo;\u00e9tranger pour que leurs voyages se r\u00e9alisent dans les meilleures conditions possibles, pour qu&rsquo;ils forment leurs dirigeants, qu&rsquo;ils trouvent activement des projets sp\u00e9cifiques et qu&rsquo;ils puissent ainsi faire une r\u00e9elle diff\u00e9rence avec la pratique sur le terrain.<\/p>\n<p>\u00a0<\/p>\n<p><strong>Quechua<\/strong><\/p>\n<p><!-- \/wp:paragraph --><!-- wp:image {\"align\":\"center\",\"id\":293,\"linkDestination\":\"custom\"} --><\/p>\n<figure class=\"wp-block-image aligncenter\"><a href=\"https:\/\/niyamdu-dro.fr\/wp-content\/uploads\/2015\/03\/Quechua-.png\"><img loading=\"lazy\" decoding=\"async\" class=\"alignnone wp-image-293\" src=\"https:\/\/niyamdu-dro.fr\/wp-content\/uploads\/2015\/03\/Quechua--300x61.png\" alt=\"Quechua\" width=\"220\" height=\"45\" srcset=\"https:\/\/niyamdu-dro.fr\/wp-content\/uploads\/2015\/03\/Quechua--300x61.png 300w, https:\/\/niyamdu-dro.fr\/wp-content\/uploads\/2015\/03\/Quechua-.png 499w\" sizes=\"(max-width: 220px) 100vw, 220px\" \/><\/a><\/figure>\n<p><!-- \/wp:image --><!-- wp:paragraph --><\/p>\n<p><a href=\"http:\/\/www.quechua.com\">http:\/\/www.quechua.com<\/a><\/p>\n<p><!-- \/wp:paragraph --><!-- wp:paragraph --><\/p>\n<p>Sp\u00e9cialiste des sports de montagne pour tous.<\/p>\n<p>\u00a0<\/p>\n<p><strong>D\u00e9partement de l&rsquo;Ain<\/strong><\/p>\n<!-- \/wp:paragraph --><!-- wp:image {\"align\":\"center\",\"id\":397,\"linkDestination\":\"custom\"} -->\n<figure class=\"wp-block-image aligncenter\"><a href=\"https:\/\/niyamdu-dro.fr\/wp-content\/uploads\/2015\/03\/CG01_couleur_R.jpg\"><img loading=\"lazy\" decoding=\"async\" class=\"alignnone wp-image-397\" src=\"https:\/\/niyamdu-dro.fr\/wp-content\/uploads\/2015\/06\/Logo_CD01_2015R-300x150.jpg\" alt=\"Logo_ain_Vecto\" width=\"150\" height=\"75\" srcset=\"https:\/\/niyamdu-dro.fr\/wp-content\/uploads\/2015\/06\/Logo_CD01_2015R-300x150.jpg 300w, https:\/\/niyamdu-dro.fr\/wp-content\/uploads\/2015\/06\/Logo_CD01_2015R-768x385.jpg 768w, https:\/\/niyamdu-dro.fr\/wp-content\/uploads\/2015\/06\/Logo_CD01_2015R.jpg 800w\" sizes=\"(max-width: 150px) 100vw, 150px\" \/><\/a><\/figure>\n<!-- \/wp:image --><!-- wp:paragraph -->\n<p><a href=\"http:\/\/www.ain.fr\/\">http:\/\/www.ain.fr\/<\/a><\/p>\n<!-- \/wp:paragraph --><!-- wp:paragraph -->\n<p>Le D\u00e9partement de l&rsquo;Ain soutient les actions de NIYAMDU DRO depuis plusieurs ann\u00e9es.<\/p>\n<p>\u00a0<\/p>\n<!-- \/wp:paragraph --><!-- wp:paragraph -->\n<p><strong>Commune d&rsquo;Amb\u00e9rieu-en-Bugey<\/strong><\/p>\n<!-- \/wp:paragraph --><!-- wp:image {\"align\":\"center\",\"id\":290,\"linkDestination\":\"custom\"} -->\n<figure class=\"wp-block-image aligncenter\"><a href=\"https:\/\/niyamdu-dro.fr\/wp-content\/uploads\/2015\/03\/index.jpg\"><img loading=\"lazy\" decoding=\"async\" class=\"alignnone wp-image-290\" src=\"https:\/\/niyamdu-dro.fr\/wp-content\/uploads\/2015\/03\/index-300x110.jpg\" alt=\"index\" width=\"150\" height=\"55\" srcset=\"https:\/\/niyamdu-dro.fr\/wp-content\/uploads\/2015\/03\/index-300x110.jpg 300w, https:\/\/niyamdu-dro.fr\/wp-content\/uploads\/2015\/03\/index.jpg 370w\" sizes=\"(max-width: 150px) 100vw, 150px\" \/><\/a><\/figure>\n<!-- \/wp:image --><!-- wp:paragraph -->\n<p><a href=\"http:\/\/www.ville-amberieuenbugey.fr\/\">http:\/\/www.ville-amberieuenbugey.fr\/<\/a><\/p>\n<!-- \/wp:paragraph --><!-- wp:paragraph -->\n<p>La commune d&rsquo;Amb\u00e9rieu-en-Bugey soutient les actions et les activit\u00e9s de NIYAMDU DRO en mettant gracieusement \u00e0 disposition des salles pour l&rsquo;organisation de nos r\u00e9unions et de nos manifestations.<\/p>\n<p>\u00a0<\/p>\n<p><strong>Maison des Jeunes et de Culture d&rsquo;Amb\u00e9rieu-en-Bugey<\/strong><\/p>\n<p><!-- \/wp:paragraph --><!-- wp:image {\"align\":\"center\",\"id\":353,\"linkDestination\":\"custom\"} --><\/p>\n<figure class=\"wp-block-image aligncenter\"><a href=\"https:\/\/niyamdu-dro.fr\/wp-content\/uploads\/2015\/04\/MJC-Amb\u00e9rieu-en-Bugey.jpeg\"><img loading=\"lazy\" decoding=\"async\" width=\"113\" height=\"113\" class=\"wp-image-353\" src=\"https:\/\/niyamdu-dro.fr\/wp-content\/uploads\/2015\/04\/MJC-Amb\u00e9rieu-en-Bugey.jpeg\" alt=\"MJC Amb\u00e9rieu-en-Bugey\" \/><\/a><\/figure>\n<p><!-- \/wp:image --><!-- wp:paragraph --><\/p>\n<p><a href=\"http:\/\/www.mjc-amberieu.org\/\">http:\/\/www.mjc-amberieu.org\/<\/a><\/p>\n<p><!-- \/wp:paragraph --><!-- wp:paragraph --><\/p>\n<p>La MJC d&rsquo;Amb\u00e9rieu-en-Bugey contribue aux activit\u00e9s de NIYAMDU DRO<\/p>\n<!-- \/wp:paragraph --><!-- wp:paragraph --><!-- \/wp:paragraph --><!-- wp:paragraph --><!-- \/wp:paragraph --><!-- wp:paragraph --><!-- \/wp:paragraph --><!-- wp:paragraph --><!-- \/wp:paragraph -->\t\t\t\t\t\t<\/div>\n\t\t\t\t<\/div>\n\t\t\t\t<div class=\"elementor-element elementor-element-49cd700 elementor-widget elementor-widget-spacer\" data-id=\"49cd700\" data-element_type=\"widget\" data-widget_type=\"spacer.default\">\n\t\t\t\t<div class=\"elementor-widget-container\">\n\t\t\t\t\t<div class=\"elementor-spacer\">\n\t\t\t<div class=\"elementor-spacer-inner\"><\/div>\n\t\t<\/div>\n\t\t\t\t<\/div>\n\t\t\t\t<\/div>\n\t\t\t\t\t<\/div>\n\t\t<\/div>\n\t\t\t\t\t<\/div>\n\t\t<\/section>\n\t\t\t\t<\/div>\n\t\t","protected":false},"excerpt":{"rendered":"<p>La majorit\u00e9 des actions men\u00e9es par NIYAMDU DRO est r\u00e9alis\u00e9e gr\u00e2ce \u00e0 l&rsquo;appui et au soutien de nos partenaires : \u00a0 Les partenaires en France &hellip;<\/p>\n","protected":false},"author":1,"featured_media":135,"parent":0,"menu_order":0,"comment_status":"closed","ping_status":"open","template":"","meta":{"footnotes":""},"class_list":["post-90","page","type-page","status-publish","has-post-thumbnail","hentry"],"_links":{"self":[{"href":"https:\/\/niyamdu-dro.fr\/index.php?rest_route=\/wp\/v2\/pages\/90"}],"collection":[{"href":"https:\/\/niyamdu-dro.fr\/index.php?rest_route=\/wp\/v2\/pages"}],"about":[{"href":"https:\/\/niyamdu-dro.fr\/index.php?rest_route=\/wp\/v2\/types\/page"}],"author":[{"embeddable":true,"href":"https:\/\/niyamdu-dro.fr\/index.php?rest_route=\/wp\/v2\/users\/1"}],"replies":[{"embeddable":true,"href":"https:\/\/niyamdu-dro.fr\/index.php?rest_route=%2Fwp%2Fv2%2Fcomments&post=90"}],"version-history":[{"count":66,"href":"https:\/\/niyamdu-dro.fr\/index.php?rest_route=\/wp\/v2\/pages\/90\/revisions"}],"predecessor-version":[{"id":1558,"href":"https:\/\/niyamdu-dro.fr\/index.php?rest_route=\/wp\/v2\/pages\/90\/revisions\/1558"}],"wp:featuredmedia":[{"embeddable":true,"href":"https:\/\/niyamdu-dro.fr\/index.php?rest_route=\/wp\/v2\/media\/135"}],"wp:attachment":[{"href":"https:\/\/niyamdu-dro.fr\/index.php?rest_route=%2Fwp%2Fv2%2Fmedia&parent=90"}],"curies":[{"name":"wp","href":"https:\/\/api.w.org\/{rel}","templated":true}]}}